e 15, what is -63 + b?
-57
In base 6, what is 41 - -41?
122
In base 10, what is -9 - -43?
34
In base 7, what is -301 + -106?
-410
In base 9, what is -588 - -51?
-537
In base 14, what is 2d + -22?
b
In base 16, what is -f - 2f5?
-304
In base 11, what is -2 + 4a45?
4a43
In base 9, what is 4 + 586?
601
In base 14, what is 6 - -2?
8
In base 3, what is -11120 - -1?
-11112
In base 8, what is -1 - 54?
-55
In base 11, what is -530 + -6?
-536
In base 15, what is -3d + -d?
-4b
In base 3, what is 1 - -10120120?
10120121
In base 11, what is 1675 + 5?
167a
In base 14, what is 1da + 3?
1dd
In base 5, what is -3 - 322?
-330
In base 9, what is -1 + 1628?
1627
In base 16, what is -5 + -21?
-26
In base 10, what is 3 + -114?
-111
In base 11, what is -99 - 197?
-285
In base 16, what is 43f - -3?
442
In base 10, what is 3 - 21?
-18
In base 7, what is 22 + 654?
1006
In base 13, what is -3 + -13?
-16
In base 15, what is -c + 42?
35
In base 14, what is 41 + -24?
1b
In base 15, what is -106 - -5?
-101
In base 13, what is -2 - 22?
-24
In base 6, what is -2430 + 1?
-2425
In base 11, what is 4 - -a1?
a5
In base 7, what is 1313 - -4?
1320
In base 10, what is 3 - 0?
3
In base 9, what is -582 + -4?
-586
In base 8, what is -12 - 6012?
-6024
In base 15, what is 0 - 5?
-5
In base 5, what is -2 + 42?
40
In base 4, what is 2013333 - 10?
2013323
In base 7, what is -602 - 12?
-614
In base 11, what is 4 + -4489?
-4485
In base 5, what is -1131 + 10?
-1121
In base 3, what is -11 - 121000?
-121011
In base 2, what is 11010 - -11?
11101
In base 14, what is 4ac - 0?
4ac
In base 11, what is 10 + 3?
13
In base 8, what is -3163 - -1?
-3162
In base 5, what is 2202 + 2?
2204
In base 13, what is -1 + 180?
17c
In base 9, what is 4 - -1106?
1111
In base 2, what is -1 - 1101110001?
-1101110010
In base 6, what is 23 + 1232?
1255
In base 2, what is -101011 - -10?
-101001
In base 9, what is 105 - -303?
408
In base 9, what is 4 - 7?
-3
In base 4, what is 2230 + -12?
2212
In base 8, what is 7273 + 0?
7273
In base 7, what is 360 - 3?
354
In base 4, what is -21230 - -10?
-21220
In base 6, what is 0 - -10144?
10144
In base 3, what is -201020102 + 0?
-201020102
In base 8, what is -32 + 71?
37
In base 3, what is 1021 + 10?
1101
In base 15, what is 40 + a?
4a
In base 6, what is -54 + 2?
-52
In base 14, what is 181 + 18?
199
In base 15, what is 0 + -66b?
-66b
In base 14, what is 3 - -3b?
40
In base 6, what is 3 + -11151?
-11144
In base 15, what is -193 - 3?
-196
In base 2, what is -110001100 + -111?
-110010011
In base 11, what is 727 + -3?
724
In base 4, what is 10 - -213032?
213102
In base 15, what is -b - -28?
1c
In base 6, what is 3 + -1435?
-1432
In base 16, what is -34 - c2?
-f6
In base 13, what is 10 - -23?
33
In base 15, what is 2 - -12c?
12e
In base 5, what is -2444223 - 3?
-2444231
In base 15, what is 5 + -db?
-d6
In base 13, what is 1c + 26?
45
In base 8, what is -16 - 431?
-447
In base 15, what is 2 - -156?
158
In base 16, what is 40 + 8?
48
In base 12, what is -81 + 4?
-79
In base 13, what is -3 - -101?
cb
In base 3, what is 10 + 100?
110
In base 2, what is -1 - 111010?
-111011
In base 15, what is -2 - -2?
0
In base 13, what is -40 + -12?
-52
In base 3, what is 100 - -121?
221
In base 7, what is -220 - -6?
-211
In base 2, what is 1 - 10011010?
-10011001
In base 16, what is 18 - 11?
7
In base 16, what is -5 - -19a?
195
In base 11, what is 1 + -351?
-350
In base 16, what is 11b - 0?
11b
In base 8, what is -57 + -45?
-124
In base 9, what is 86 - 0?
86
In base 7, what is 4 + -51?
-44
In base 5, what is -1 - -232?
231
In base 16, what is -5 + 795?
790
In base 6, what is 232250 + 3?
232253
In base 3, what is -22 + 10?
-12
In base 10, what is -10 + -49?
-59
In base 15, what is -7e + 3?
-7b
In base 7, what is -12 - 244?
-256
In base 15, what is -372 - -2?
-370
In base 16, what is -42 - -5?
-3d
In base 3, what is 200 - 1?
122
In base 14, what is 16 - 79?
-63
In base 12, what is 196 - 8?
18a
In base 10, what is -78 - -8?
-70
In base 2, what is 110100100111110 - 0?
110100100111110
In base 16, what is -22 - -1?
-21
In base 4, what is -3 - 2010332?
-2011001
In base 8, what is 165 - -10?
175
In base 15, what is -27 + d?
-19
In base 13, what is -46c + 8?
-464
In base 13, what is -b - -12b?
120
In base 10, what is 29 - -5?
34
In base 15, what is -3 + -d?
-11
In base 16, what is 8b2 - -3?
8b5
In base 15, what is 8010 - 5?
800a
In base 8, what is -6310 - 3?
-6313
In base 5, what is 10 - -1113?
1123
In base 3, what is 12 - -1102222?
1110011
In base 3, what is -11 + -1211?
-1222
In base 8, what is -10 + -5?
-15
In base 7, what is 6 + 21?
30
In base 2, what is -100 - -1010?
110
In base 10, what is -54 - -14?
-40
In base 6, what is 3 + -1025?
-1022
In base 5, what is 11 - -21?
32
In base 15, what is 2 - -1da?
1dc
In base 11, what is -4 - 43a?
-443
In base 4, what is 11 - -1021?
1032
In base 16, what is -5 - 581?
-586
In base 15, what is -7a - -b?
-6e
In base 7, what is 1143 + -3?
1140
In base 8, what is -6 - 23?
-31
In base 9, what is 742 - 3?
738
In base 9, what is -118 - -1?
-117
In base 5, what is -22 + -3?
-30
In base 4, what is 1303 - 11?
1232
In base 11, what is -5 + 207?
202
In base 6, what is 213310 + -5?
213301
In base 2, what is 1110001111011 - -10?
1110001111101
In base 11, what is 128 + -5?
123
In base 6, what is -444 - 2?
-450
In base 4, what is -1222010 + 11?
-1221333
In base 8, what is -17 - -5?
-12
In base 14, what is -6 + -307?
-30d
In base 4, what is 300 + 21?
321
In base 11, what is -5 - -51a?
515
In base 15, what is -1ac - -36?
-176
In base 11, what is -55a + -2?
-561
In base 9, what is 15627 - 0?
15627
In base 10, what is 82 - -71?
153
In base 4, what is 10 + 1032112?
1032122
In base 2, what is -1101011 - 1101010?
-11010101
In base 10, what is -469 - -1?
-468
In base 14, what is 6 - -27?
2d
In base 2, what is 11 - -1110011101?
1110100000
In base 12, what is 27b2 + 1?
27b3
In base 16, what is -27 - -2?
-25
In base 7, what is 20536 + -5?
20531
In base 13, what is -5 + -150?
-155
In base 15, what is -6e + 4?
-6a
In base 5, what is -4 + -1?
-10
In base 5, what is 12342 + -10?
12332
In base 8, what is 0 + -67?
-67
In base 14, what is -9dca + -1?
-9dcb
In base 11, what is -13a - 2a?
-169
In base 16, what is -3 - 1de?
-1e1
In base 2, what is 11 + -11010?
-10111
In base 9, what is -32 + 10?
-22
In base 2, what is -10 - 11100111110?
-11101000000
In base 16, what is 2 + -3?
-1
In base 8, what is -4 + -1536?
-1542
In base 4, what is 113131 + -13?
113112
In base 6, what is 14 + -10?
4
In base 11, what is 1997 + 3?
199a
In base 10, what is 17833 - -3?
17836
In base 3, what is -11 + 10110?
10022
In base 14, what is 40 + -5?
39
In base 14, what is -41 + -4?
-45
In base 7, what is -1650 - 31?
-2011
In base 8, what is 13 - -1273?
1306
In base 15, what is cb4 - 2?
cb2
In base 15, what is 0 + 1513?
1513
In base 13, what is -2 + -4?
-6
In base 2, what is -11 + 10110110?
10110011
In base 15, what is 5b + c?
68
In base 12, what is -4290 - -3?
-4289
In base 3, what is -111001 - 10?
-111011
In base 10, what is 1424 + 4?
1428
In base 5, what is 2 + 101?
103
In base 13, what is -207 - 0?
-207
In base 4, what is -1322 + -1123?
-3111
In base 9, what is -21101 + 1?
-21100
In base 4, what is 10 + -1313?
-1303
In base 7, what is 1130 - -5?
1135
In base 16, what is -45 - -3?
-42
In base 9, what is -2 - -1?
-1
In base 5, what is 10 - 13?
-3
In base 7, what is 2 + -104?
-102
In base 2, what is 100 - -111001100?
111010000
In base 12, what is -2a + -43?
-71
In base 15, what is -1 + 114?
113
In base 6, what is -301 + 3?
-254
In base 4, what is 3033 + -10?
3023
In base 14, what is -14 - 14d?
-163
In base 5, what is 1021 - -13?
1034
In base 4, what is 1312 + 0?
1312
In base 10, what is 101 + -74?
27
In base 11, what is 2 + 4?
6
In base 14, what is 1b0 + 1?
1b1
In base 15, what is 9 + 89?
93
In base 11, what is -5 - 2?
-7
In base 13, what is -2c - a?
-39
In base 10, what is 9 - -6?
15
In base 6, what is -424 - 15?
-443
In base 5, what is -3 - -10444?
10441
In base 5, what is 11402 + -3?
11344
In base 8, what is 66 + -47?
17
In base 11, what is -1098 - 3?
-10a0
In base 13, what is 5 + 2?
7
In base 5, what is 112333 - 3?
112330
In base 12, what is -a77 + -2?
-a79
In base 5, what is 10 + -1012?
-1002
In base 10, what is 38 + -45?
-7
I